 = 73 - 71. Suppose 2*w - 5*l = 452, 5*l = j*w + 3*l - 458. What are the prime factors of w?
3, 7, 11
Let w(n) = -5*n + 28. Let s be w(2). Let f = s + 246. List the prime factors of f.
2, 3, 11
Let m = -495 + 472. Let i = 258 - m. List the prime factors of i.
281
List the prime factors of (-15)/((-240)/176) + 29962.
3, 97, 103
List the prime factors of 9387/(-6)*(-12)/(-9)*(-39)/26.
3, 7, 149
Let r(u) = 3*u - 4 - 149*u**2 + 150*u**2 - 2*u. Let y be r(19). Suppose -n = -3*a + 2*n + 552, 2*a = 4*n + y. List the prime factors of a.
2, 3, 5
Suppose 3*c = -u - c + 16516, 0 = -2*u - 4*c + 33056. List the prime factors of u.
2, 5, 827
Let u(p) = -26 + 6*p**2 + 12 + 10 - 6*p. List the prime factors of u(5).
2, 29
What are the prime factors of (-1)/((-3)/75090)*(-8 - (-51)/6)?
5, 2503
Suppose 57*o - 372948 - 51246 = 0. What are the prime factors of o?
2, 61
Suppose -6*u = -9*u - 18. What are the prime factors of 2/u*15 - -589?
2, 73
Let m(z) = -z + 19. Let k be m(14). Suppose -4*f = k*o - 328, 4*f + 2*o - 302 = 26. Let c = f + -47. List the prime factors of c.
5, 7
Suppose 0 = 4*q - 8, 5*p + 8 = 3*q - 8. Let m be (4/18 + 310/(-180))*p. Suppose 0*a + m*s + 64 = 5*a, -23 = -a + 4*s. What are the prime factors of a?
11
List the prime factors of (-2926)/266*-4*265/2.
2, 5, 11, 53
What are the prime factors of 139 + -134 + (-5)/((-10)/21416)?
3, 3571
Let v(r) = 200*r - 6. Let k be v(8). Suppose 658 = -b + k. Suppose -19*a = -13*a - b. What are the prime factors of a?
2, 3, 13
List the prime factors of 5821 + -5 - ((3 - -8) + -9).
2, 3, 17, 19
Suppose -23264728 - 776056 = -653*p - 1514243. What are the prime factors of p?
3, 3833
What are the prime factors of (4584720/3080)/((-1)/(-33))?
2, 3, 2729
Let m(b) = -2*b**2 - 8*b + 10. Let t be m(-5). Suppose t = 39*f - 42*f + 123. List the prime factors of f.
41
Suppose -1848 = 5*q + 5*q - 280598. What are the prime factors of q?
5, 223
Let s = 7051 + -448. What are the prime factors of s?
3, 31, 71
Suppose 20*g - 161 = -21. What are the prime factors of 681 + 18/63*g?
683
What are the prime factors of (-18)/((-540)/(-254175))*(-32)/10?
2, 3389
Let q be 3 - 1/((-3)/6). Suppose v - 4*f = -0*f - 21, v + q*f = 24. List the prime factors of (-656)/3*v - (-108)/(-162).
2, 109
Let v be 1 + ((-319)/(-5) - 16/20). Let u = v + 201. List the prime factors of u.
5, 53
Let n(r) = -10*r**3 - 13*r**2 + 17*r + 15. Let t(z) = 30*z**3 + 37*z**2 - 50*z - 46. Let p(b) = -17*n(b) - 6*t(b). List the prime factors of p(-3).
3, 83
Suppose 57613 + 37616 + 23043 = 8*o. List the prime factors of o.
2, 3, 7, 11
Let u(o) = 358*o**3 - 2*o**2 + 30*o - 60. What are the prime factors of u(2)?
2, 3, 7, 17
Suppose 3*v = 5*p - 135, -3*p + 7*v = 2*v - 97. Suppose p*k - 10 = 19*k. Suppose -q - 546 = -k*c, 4*c - q = c + 819. What are the prime factors of c?
3, 7, 13
Let t(n) = 9*n**2 - 16*n - 5. Let j be t(-3). What are the prime factors of 195/130*3/(6/j)?
3, 31
Let p(y) = 13*y**3 - 2*y**2 - 4*y + 6. Let j be (8*-1)/((-40)/20). Let a be p(j). Suppose -7*n + 659 = -a. What are the prime factors of n?
3, 23
Suppose -y + 166 = 2*u + y, 0 = 5*u - 2*y - 387. Suppose -2*q = 161 + u. Let f = q - -266. List the prime factors of f.
2, 73
Suppose -171770 - 282710 = -16*l. What are the prime factors of l?
5, 13, 19, 23
Let l be (-2)/(-4) + (-108)/(-24). Let c be (2 + (-3)/6)/(l/10). Suppose -41 - 4 = -c*k. What are the prime factors of k?
3, 5
Let g = 4168 + -4020. List the prime factors of g.
2, 37
Let b(z) = -4*z**2 - z**3 + 13*z + 2*z**3 - 8 + 3*z**2 + z**3. Let t be b(6). What are the prime factors of 65/(-52) - t/(-8)?
3, 19
Suppose -3285 = 13*l + 524. What are the prime factors of (-3*(-3)/9)/((-1)/l)?
293
Suppose 2*z + 109962 = -5*p + 363116, -4*p = 4*z - 202516. What are the prime factors of p?
2, 6329
Let t(k) = k. Let w be t(18). Suppose -w*h + 481 = -473. List the prime factors of h.
53
Suppose -6*u - 329 = 97. Let w = u - -77. Suppose -i + 4*b + 84 = 0, -2*b = w*i - 2*i - 246. What are the prime factors of i?
2
Let k(n) = 5*n**3 + 9*n**2 - 3*n - 27. Let z(a) = 14*a**3 + 26*a**2 - 10*a - 82. Let w(y) = 8*k(y) - 3*z(y). List the prime factors of w(-8).
2, 311
Suppose 3*c = -9554 + 2576. Let b = -1132 - c. What are the prime factors of b?
2, 3, 199
Let k(p) = p**3 - 13*p**2 - 15*p + 19. Let t be k(14). What are the prime factors of (-16)/(-120)*3*17*t?
2, 17
Suppose 0 = -2*s - 5*b + 42, 2*s - 4*b + 49 = 5*s. Suppose 0 = s*p - 21*p + 6290. What are the prime factors of p?
17, 37
Let l(c) = -c**3 - 36*c**2 - 122*c - 106. List the prime factors of l(-33).
653
Let n be (-24)/((-5)/7 - 2/7). Suppose 3*l + 15 = n. Suppose 3*t - 92 = 2*d, -4*t + 132 = l*d - 8*d. List the prime factors of t.
2, 7
Suppose 0*t = 5*q + t - 100, -t + 16 = q. Let p = 100 - q. What are the prime factors of p?
79
Let o(w) = w**3 - w**2 + 3*w + 881. Let g be o(0). Suppose -2*u - 56*l + g = -53*l, 2*l = -4*u + 1750. List the prime factors of u.
2, 109
Suppose 0 = -5*f + 5*t - 10*t + 20, -5*t = 4*f - 20. Suppose f = -3*p + 4*a + 93 - 11, 3*a + 56 = 2*p. List the prime factors of p.
2, 11
What are the prime factors of (-4)/(-6) + -3280*2040/(-450)?
2, 5, 1487
What are the prime factors of 5*(-13 - -16) - -26381?
2, 6599
Let q(l) = 21165*l + 242. List the prime factors of q(1).
21407
Suppose -3*h = i + 86, -2*h - i + 2*i = 64. Let n be (-16 - 0)*2*3/12. What are the prime factors of n/h*93*10/4?
2, 31
Suppose -142*y = -135*y - 13888. Suppose 0 = -4*j + 676 + y. What are the prime factors of j?
5, 7, 19
Suppose -4*d + 33*a - 34*a = -95040, -95044 = -4*d - 2*a. List the prime factors of d.
23, 1033
Suppose -18*p + 438375 = 28*p - 221909. What are the prime factors of p?
2, 7177
Let i(a) = -9*a + 184. Let g be i(20). Suppose 248 = g*y - 3*v - 1326, 4*v = -5*y + 1983. What are the prime factors of y?
5, 79
Suppose 8 = -5*r + 3*h, 0 = r - 4*r + 3*h. List the prime factors of -8*(142/r)/1.
2, 71
Suppose -466652 - 589590 = -27*r - 164459. What are the prime factors of r?
33029
Let q(w) = 10*w - 6. Let m be q(1). Suppose 5*o = -2*f + 80 + 705, -621 = -m*o - 3*f. Let g = -96 + o. List the prime factors of g.
3, 7
Let u be 129*16/36*33. Suppose 2*l = 3*y - 5675, 2*y - 5*l = 1873 + u. What are the prime factors of y?
5, 379
Let y = 93 - 80. Suppose 0 = -y*m + 6 + 7. List the prime factors of 1/2*-82*m/(-1).
41
Suppose -5*d - 347 - 348 = 0. Let o = d + 413. Suppose -16*w + 18*w = o. What are the prime factors of w?
137
Let h(t) = 1338*t**3 + 8*t**2 - t - 10. What are the prime factors of h(3)?
5, 7237
Let p(a) = 13*a**3 - 7*a**2 + 3*a - 1. Suppose -11*i + 63 = 8. What are the prime factors of p(i)?
2, 3, 61
Let a = 212 - 12. Let l = 34 + a. Suppose 4*d = -3*v + l, -d + 86 = v + 3*d. What are the prime factors of v?
2, 37
Suppose -w + 2*j - 12 = 0, -337*w + 338*w + j + 30 = 0. Let d(t) = 226*t**2 + 3*t + 1. Let m be d(-4). What are the prime factors of m/30 - (-4)/w?
2, 3, 5
Suppose 2*c + 18 = 126. Suppose r + 3231 = 5*y, c*r + 1925 = 3*y + 50*r. What are the prime factors of y?
647
Let i be (-3*(-1)/(-3))/1. Let g be i*28*(-12)/48. Let s(j) = 12*j + 2. List the prime factors of s(g).
2, 43
Suppose 0*l - 2*l + 5*p + 178 = 0, 4*p - 115 = -l. List the prime factors of (-3)/9*l/(5 - 8).
11
Let s = 366 - 323. Let c = 646 - s. List the prime factors of c.
3, 67
Suppose 4*y - 15*y - 88 = 0. Let f(r) = -r - 7. Let c be f(7). List the prime factors of -28*(-4 - c/y).
7, 23
Let o(m) = 27*m - 37. Let z be o(-20). Let w = -408 - z. List the prime factors of w.
13
Let r(c) = 79*c**2 + 47*c - 361. List the prime factors of r(-14).
5, 11, 263
Suppose 32*i - 44*i + 230482 + 60638 = 0. List the prime factors of i.
2, 5, 1213
Let k(j) = j**2 - 14*j + 27. Let w be k(12). Let h(s) = w + 5 + 6*s - 4 + 1. What are the prime factors of h(6)?
41
Let d(b) = -b**3 - 26*b**2 + 38*b - 63. Let p be d(-27). Let s = 540 + p. List the prime factors of s.
2, 3, 5
Let i(d) = d**3 + 5*d**2 + 2*d + 8. Suppose 52 = 11*y - 14. What are the prime factors of i(y)?
2, 13
Suppose -9*u = -8*u + 14. Let c be 0 + -1 + 4 - 84/u. List the prime factors of -162*2/c*-3.
2, 3
Suppose -42 = -5*g - 27. Let q be (1 - 2)*g - -1 - 223. List the prime factors of (-4)/4*(q/3 + -3).
2, 3, 13
Suppose 26 = -14*i + 54. Suppose 5*o - 680 = 2*v, o + 3*v = -